
Let o(p) = p**3 + 12*p**2 + 12*p - 5. What is o(-11)?
-16
Let x(p) = 11*p + 4. Give x(7).
81
Let v(f) = -30*f + 122. Determine v(4).
2
Let t(i) = -i**3 + 6*i**2 + 38*i + 10. Determine t(10).
-10
Let x(b) = b**3 - 10*b**2 + 4*b - 19. What is x(8)?
-115
Let l(m) = m**3 + 25*m**2 - 33*m - 124. Calculate l(-26).
58
Let k(z) = 3*z**2 + z - 4. Calculate k(-2).
6
Let g(x) = x**3 - 27*x**2 + 112*x - 29. Determine g(22).
15
Let w(i) = -i + 2. Give w(-18).
20
Let v(s) = 10*s + 182. Give v(-18).
2
Let y(i) = i**2. Give y(-2).
4
Let f(s) = s**3 + 9*s**2 + 5*s + 2. What is f(-9)?
-43
Let p(x) = -2*x + 3. Calculate p(-2).
7
Let j(t) = -2*t**2 - 37*t - 46. Determine j(-17).
5
Let v(y) = 2*y**2 - 2*y + 3. Determine v(2).
7
Let z(p) = p**2 + 5*p - 11. Determine z(-6).
-5
Let o(q) = -5*q - 130. Determine o(-24).
-10
Let p(z) = -z**3 - 6*z**2 + 24*z - 21. Calculate p(-9).
6
Let g(r) = -4*r - 1. What is g(-2)?
7
Let o(s) = 76*s - 308. Determine o(4).
-4
Let n(q) = -q**3 - 7*q**2 - 7*q - 4. Determine n(-6).
2
Let z(s) = s + 3. What is z(-3)?
0
Let a(k) = -k**3 + 3*k**2 + k - 2. Give a(-2).
16
Let f(t) = -t**2 - 4*t - 7. Give f(-3).
-4
Let p(u) = -5*u**2 + 12*u + 12. Give p(-1).
-5
Let u(g) = 5*g + 1. What is u(14)?
71
Let c(q) = -3*q**2 - 3*q + 11. Give c(-5).
-49
Let d(m) = m**2 - 8*m + 9. Calculate d(6).
-3
Let l(m) = 63*m - 1. Determine l(-1).
-64
Let s(z) = 2*z**2 - 11*z + 4. Calculate s(3).
-11
Let j(n) = 2*n**2 + 5*n + 4. Determine j(3).
37
Let k(c) = c**2 - 18*c + 55. Calculate k(12).
-17
Let f(n) = -n**2 + 8*n - 10. What is f(7)?
-3
Let h(c) = -16*c**2. Determine h(1).
-16
Let v(p) = -p**3 + 34*p**2 - 31*p - 64. Calculate v(33).
2
Let i(x) = 4*x**2 + 7*x + 1. What is i(-3)?
16
Let g(i) = -i + 8. What is g(6)?
2
Let c(r) = -r**2 + 2*r - 27. Give c(0).
-27
Let v(h) = h**3 + 21*h**2 + 73*h + 80. What is v(-17)?
-5
Let k(l) = l**3 + 23*l**2 + 24*l + 47. Give k(-22).
3
Let k(y) = -3*y**2 - 5*y - 5. What is k(-4)?
-33
Let q(y) = y + 36. What is q(9)?
45
Let o(h) = 4*h**2 + 11*h - 19. What is o(-6)?
59
Let v(y) = y**2 + 37*y - 5. What is v(-37)?
-5
Let g(o) = -o**2 + 11*o - 4. Determine g(10).
6
Let q(h) = h + 2. Determine q(2).
4
Let b(j) = j**3 - 15*j**2 + 16*j - 4. Calculate b(14).
24
Let l(n) = n**2 + 24*n + 29. Determine l(-23).
6
Let s(i) = 3*i + 13. Calculate s(-2).
7
Let n(u) = -3*u**2 + 7*u - 8. What is n(5)?
-48
Let t(k) = 82*k**2 - 6*k + 4. Calculate t(1).
80
Let z(s) = -2*s**3 + 12*s**2 - 2*s + 13. Give z(6).
1
Let o(a) = 2*a**2 - 70*a - 84. What is o(36)?
-12
Let h(m) = m**3 + 10*m**2 + 10*m + 14. Determine h(-9).
5
Let w(t) = t**2 - 5*t - 4. What is w(8)?
20
Let j(h) = 32*h**3 + 2*h + 1. Determine j(-1).
-33
Let i(m) = m**2 + 16*m + 4. Calculate i(-13).
-35
Let b(g) = -g - 8. Determine b(-6).
-2
Let b(u) = 20*u - 65. Give b(3).
-5
Let u(w) = w**3 - w**2 - 2*w - 1. What is u(2)?
-1
Let s(j) = 11*j - 6. What is s(0)?
-6
Let l(i) = i**3 + 11*i**2 - 10*i + 19. Give l(-12).
-5
Let u(r) = -11*r**3 - r**2 + 2*r - 1. Give u(1).
-11
Let i(p) = 6*p - 14. Calculate i(0).
-14
Let p(b) = -10*b - 2. Determine p(-4).
38
Let v(l) = -4*l + 1. Determine v(-2).
9
Let p(z) = -2*z**3 - 11*z**2 + 9*z - 13. Give p(-6).
-31
Let u(h) = h**3 + 7*h**2 - h - 6. Calculate u(-7).
1
Let u(j) = j**2. Determine u(-1).
1
Let w(a) = -4*a - 42. Determine w(-5).
-22
Let v(h) = -15*h. Calculate v(-2).
30
Let g(j) = j**3 + 4*j**2 + j - 7. Give g(-4).
-11
Let x(m) = 7*m - 43. Calculate x(11).
34
Let b(a) = 3*a - 2. Give b(-2).
-8
Let h(j) = -j**2 - 6*j + 3. What is h(-7)?
-4
Let v(b) = -2*b**2 - 24*b + 21. Give v(-13).
-5
Let o(u) = -5*u - 26. Determine o(5).
-51
Let t(d) = -16*d - 91. What is t(-6)?
5
Let o(y) = y**3 - 12*y**2 - 17*y + 7. Give o(13).
-45
Let w(m) = 4*m - 1. Give w(-2).
-9
Let b(p) = -3*p - 38. Calculate b(-5).
-23
Let m(y) = 17*y - 5. Give m(1).
12
Let p(y) = 29*y + 31. Calculate p(-5).
-114
Let b(h) = 3*h - 1. Calculate b(11).
32
Let o(u) = u**2 + 8*u + 1. Calculate o(-7).
-6
Let l(u) = -u**2 + 27*u - 65. Calculate l(24).
7
Let p(m) = m**2 + 6*m - 8. Determine p(-8).
8
Let k(t) = 181*t - 1091. Determine k(6).
-5
Let s(n) = 135*n**2 + 17*n - 18. Calculate s(1).
134
Let s(c) = c**3 - 14*c**2 - 22*c + 37. Determine s(15).
-68
Let q(d) = -9*d - 6. Calculate q(-2).
12
Let d(p) = -p**2 - 11*p - 17. Determine d(-8).
7
Let z(p) = p**2 + 22*p + 55. Determine z(-25).
130
Let w(s) = 10*s - 2. Calculate w(-1).
-12
Let t(v) = -2*v - 13. What is t(3)?
-19
Let u(d) = -4*d**3 + d**2 - d + 1. Calculate u(1).
-3
Let z(c) = -2*c**2 - 22*c + 1. Calculate z(-11).
1
Let r(g) = -33*g - 70. Determine r(-4).
62
Let t(q) = -q**2 + 13*q - 15. Determine t(12).
-3
Let n(b) = 2*b**3 + 5*b**2 - 5*b - 3. What is n(3)?
81
Let o(x) = -16*x - 472. Calculate o(-30).
8
Let n(x) = -x**3 + 12*x**2 + x - 7. What is n(12)?
5
Let n(t) = -2*t**3 + t**2 + t + 10. Give n(0).
10
Let c(w) = w**2 - 17. Determine c(3).
-8
Let o(z) = 5*z**3 - 59*z**2 - 10*z - 25. Calculate o(12).
-1
Let p(i) = -3*i**2 - 176*i - 98. Give p(-58).
18
Let t(w) = -w**3 + 3*w**2 + 4*w - 1. Calculate t(4).
-1
Let m(y) = -y**3 + 6*y**2 - 2*y - 6. Determine m(3).
15
Let a(i) = -2*i + 1. Determine a(5).
-9
Let o(m) = 12*m**2 - 120*m + 7. Calculate o(10).
7
Let d(h) = h**2 + 6*h + 8. Calculate d(-13).
99
Let t(l) = -16*l. What is t(11)?
-176
Let c(b) = -5*b**2 - 55*b - 27. Calculate c(-11).
-27
Let t(b) = 2*b**3 + 4*b**2 + 13*b + 11. Give t(-1).
0
Let q(t) = t**2 + 11*t + 8. Give q(-7).
-20
Let t(o) = 7*o**3 - o**2 - 2*o + 3. Determine t(1).
7
Let l(r) = -r - 2. Calculate l(7).
-9
Let f(c) = 56*c - 115. Give f(2).
-3
Let h(n) = -49*n**3 - n**2 - n. What is h(-1)?
49
Let q(p) = p**2 + p - 31. Determine q(-5).
-11
Let k(a) = a**2 + a + 5. Calculate k(3).
17
Let m(w) = 4*w + 1. What is m(6)?
25
Let x(v) = -12*v + 10. Calculate x(4).
-38
Let v(r) = r**3 + 5*r**2 + r. What is v(-2)?
10
Let w(o) = -5*o + 2. Calculate w(1).
-3
Let z(x) = -8*x**2 - 8*x + 17. Determine z(3).
-79
Let r(d) = -d**3 - 2*d**2 - d - 16. Give r(0).
-16
Let u(n) = -3*n**2 - 14*n - 5. Determine u(-6).
-29
Let x(w) = -11*w + 17. Determine x(5).
-38
Let v(f) = f**3 - 10*f**2 + 9*f + 1. Determine v(7).
-83
Let v(q) = q**2 + 13*q - 12. Determine v(-11).
-34
Let f(c) = 3*c**2 - 11*c + 17. Determine f(6).
59
Let w(t) = t**3 - 2*t**2 - 13*t + 1. Give w(5).
11
Let p(w) = 11*w + 78. What is p(-9)?
-21
Let a(r) = 9*r - 92. Determine a(9).
-11
Let u(f) = -f**2 - 12*f - 26. Calculate u(-8).
6
Let k(b) = 4*b**2 + 33*b + 16. Give k(-8).
8
Let q(p) = -p**2 - 6*p + 4. Calculate q(-7).
-3
Let o(z) = -2*z**3 + 4*z**2 + 3*z - 1. What is o(-2)?
25
Let j(a) = -a**2 + 7*a - 2. What is j(5)?
8
Let p(g) = 40*g - 317. Calculate p(7).
-37
Let p(r) = r**2 + 2*r - 29. Calculate p(-6).
-5
Let t(j) = 2*j**3 + 2*j**2 - 2*j + 2. What is t(-3)?
-28
Let x(r) = -6*r + 13. Give x(-1).
19
Let l(t) = -t**2 - 11*t + 4. Give l(-8).
28
Let r(i) = -i**3 - 7*i**2 - 10*i - 20. Calculate r(-6).
4
Let h(o) = o**2 - 4*o. Calculate h(-3).
21
Let i(l) = -l**2 + 9*l - 12. Determine i(9).
-12
Let w(f) = f**2 - 4*f - 9. Determine w(6).
3
Let s(h) = -h**3 - 14*h**2 - h - 18. Give s(-14).
-4
Let b(k) = -2*k**2 + 23*k - 3. Calculate b(12).
-15
Let f(m) = -2*m**2 - 4*m. What is f(-3)?
-6
Let m(i) = -7*i**2 + 16*i + 17. Give m(3).
2
Let m(k) = 5*k + 4. Determine m(2).
14
Let w(p) = -3*p**2 - 5*p + 2. Calculate w(-3).
-10
Let v(l) = -l**3 - 2*l**2 + 30*l + 69. Give v(-5).
-6
Let a(j) = -11*j + 40. Calculate a(3).
7
Let j(k) = k**2 - 2*k + 17. Give j(5).
32
Let l(d) = 7*d. Calculate l(-8).
-56
Let v(z) = z**3 - z**2 + 1. What is v(-1)?
-1
Let b(m) = -m**2 - 9*m - 1. What is b(-9)?
-1
Let r(w) = 8*w**2 - 87*w - 4. Determine r(11).
7
Let q(r) = -r - 3. Determine q(11).
-14
Let x(l) = l + 36. Calculate x(-27).
9
Let b(o) = -o**3 - o**2 + o - 7. What is b(0)?
-7
Let j(t) = -t**3 + 6*t**2 + t + 8. Determine j(6).
14
Let m(g) = -4*g. What is m(0)?
0
Let c(w) = w**2 - 10*w + 11. Calculate c(6).
-13
Let h(s) = 2*s**2 + 12*s + 5. Determine h(-7).
19
Let a(c) = -9*c - 22. What is a(-2)?
-4
Let g(z) = z**2 - 33*z - 5. Determine g(34).
29
Let c(q) = 15*q + 99. Determine c(-7).
-6
Let o(h) = h**3 + 4*h**2 - 6*h - 21. Calculate o(-5).
-16
Let f(k) = k - 14. Give f(11).
-3
Let a(o) = o**2 + 10*o + 14. Calculate a(-5).
-11
Let p(y) = y**3 + 5*y**2 